{"id":169,"date":"2017-02-17T11:50:45","date_gmt":"2017-02-17T11:50:45","guid":{"rendered":"http:\/\/ogvs.de\/?page_id=169"},"modified":"2017-06-22T09:59:02","modified_gmt":"2017-06-22T09:59:02","slug":"philosophie","status":"publish","type":"page","link":"https:\/\/ogvs.de\/?page_id=169","title":{"rendered":"Philosophie"},"content":{"rendered":"<p><strong>Philosophie<\/strong><\/p>\n<p>Der Verein hat sich folgende Ziele gesetzt:<\/p>\n<ol>\n<li>Die Erhaltung und Pflege des historischen Ortskernes und den Ort pr\u00e4gende Bauten und Einrichtungen sowie die Mitwirkung an der Versch\u00f6nerung des Ortsbildes.<\/li>\n<li>Die F\u00f6rderung der Errichtung von Wander- und Radfahrwegen, insbesondere deren einheitliche Beschilderung und die Erstellung entsprechenden Kartenmaterials. (Umweltschutz\/Landschaftspflege)<\/li>\n<li>Die F\u00f6rderung des heimatlichen Brauchtums.<\/li>\n<li>Die Versch\u00f6nerung der Stra\u00dfen und Pl\u00e4tze, des Seeufers sowie des Dorfrandes mit Gro\u00dfgr\u00fcn und Blumenbeeten.<\/li>\n<\/ol>\n","protected":false},"excerpt":{"rendered":"<p>Philosophie Der Verein hat sich folgende Ziele gesetzt: Die Erhaltung und Pflege des historischen Ortskernes und den Ort pr\u00e4gende Bauten und Einrichtungen sowie die Mitwirkung an der Versch\u00f6nerung des Ortsbildes. Die F\u00f6rderung der Errichtung von Wander- und Radfahrwegen, insbesondere deren einheitliche Beschilderung und die Erstellung entsprechenden Kartenmaterials. (Umweltschutz\/Landschaftspflege) Die F\u00f6rderung des heimatlichen Brauchtums. Die Versch\u00f6nerung [&hellip;]<\/p>\n","protected":false},"author":1,"featured_media":0,"parent":7,"menu_order":20,"comment_status":"closed","ping_status":"closed","template":"","meta":{"footnotes":""},"class_list":["post-169","page","type-page","status-publish","hentry"],"_links":{"self":[{"href":"https:\/\/ogvs.de\/index.php?rest_route=\/wp\/v2\/pages\/169","targetHints":{"allow":["GET"]}}],"collection":[{"href":"https:\/\/ogvs.de\/index.php?rest_route=\/wp\/v2\/pages"}],"about":[{"href":"https:\/\/ogvs.de\/index.php?rest_route=\/wp\/v2\/types\/page"}],"author":[{"embeddable":true,"href":"https:\/\/ogvs.de\/index.php?rest_route=\/wp\/v2\/users\/1"}],"replies":[{"embeddable":true,"href":"https:\/\/ogvs.de\/index.php?rest_route=%2Fwp%2Fv2%2Fcomments&post=169"}],"version-history":[{"count":3,"href":"https:\/\/ogvs.de\/index.php?rest_route=\/wp\/v2\/pages\/169\/revisions"}],"predecessor-version":[{"id":252,"href":"https:\/\/ogvs.de\/index.php?rest_route=\/wp\/v2\/pages\/169\/revisions\/252"}],"up":[{"embeddable":true,"href":"https:\/\/ogvs.de\/index.php?rest_route=\/wp\/v2\/pages\/7"}],"wp:attachment":[{"href":"https:\/\/ogvs.de\/index.php?rest_route=%2Fwp%2Fv2%2Fmedia&parent=169"}],"curies":[{"name":"wp","href":"https:\/\/api.w.org\/{rel}","templated":true}]}}